{"id":14783,"date":"2021-01-28T18:22:12","date_gmt":"2021-01-28T18:22:12","guid":{"rendered":"http:\/\/mgatecnologia.com.br\/loja\/?post_type=product&#038;p=14783"},"modified":"2025-07-22T14:36:45","modified_gmt":"2025-07-22T14:36:45","slug":"qsy-8-6","status":"publish","type":"product","link":"https:\/\/loja.mgatecnologia.com.br\/?product=qsy-8-6","title":{"rendered":"QSY-8-6"},"content":{"rendered":"<h4>Conex\u00e3o uni\u00e3o redu\u00e7\u00e3o em Y 8mm x 6mm<\/h4>\n<h4>FESTO<\/h4>\n","protected":false},"excerpt":{"rendered":"<h4>Conex\u00e3o uni\u00e3o redu\u00e7\u00e3o em Y 8mm x 6mm<\/h4>\n<h4><strong>FESTO<\/strong><\/h4>\n","protected":false},"featured_media":15127,"comment_status":"open","ping_status":"closed","template":"","meta":[],"product_cat":[636,638,742,637],"product_tag":[],"class_list":{"0":"post-14783","1":"product","2":"type-product","3":"status-publish","4":"has-post-thumbnail","6":"product_cat-conexoes","7":"product_cat-instantaneas","8":"product_cat-linha-festo","9":"product_cat-pneumatica","11":"first","12":"onbackorder","13":"shipping-taxable","14":"purchasable","15":"product-type-simple"},"_links":{"self":[{"href":"https:\/\/loja.mgatecnologia.com.br\/index.php?rest_route=\/wp\/v2\/product\/14783","targetHints":{"allow":["GET"]}}],"collection":[{"href":"https:\/\/loja.mgatecnologia.com.br\/index.php?rest_route=\/wp\/v2\/product"}],"about":[{"href":"https:\/\/loja.mgatecnologia.com.br\/index.php?rest_route=\/wp\/v2\/types\/product"}],"replies":[{"embeddable":true,"href":"https:\/\/loja.mgatecnologia.com.br\/index.php?rest_route=%2Fwp%2Fv2%2Fcomments&post=14783"}],"wp:featuredmedia":[{"embeddable":true,"href":"https:\/\/loja.mgatecnologia.com.br\/index.php?rest_route=\/wp\/v2\/media\/15127"}],"wp:attachment":[{"href":"https:\/\/loja.mgatecnologia.com.br\/index.php?rest_route=%2Fwp%2Fv2%2Fmedia&parent=14783"}],"wp:term":[{"taxonomy":"product_cat","embeddable":true,"href":"https:\/\/loja.mgatecnologia.com.br\/index.php?rest_route=%2Fwp%2Fv2%2Fproduct_cat&post=14783"},{"taxonomy":"product_tag","embeddable":true,"href":"https:\/\/loja.mgatecnologia.com.br\/index.php?rest_route=%2Fwp%2Fv2%2Fproduct_tag&post=14783"}],"curies":[{"name":"wp","href":"https:\/\/api.w.org\/{rel}","templated":true}]}}