{"id":14864,"date":"2021-01-29T17:32:42","date_gmt":"2021-01-29T17:32:42","guid":{"rendered":"http:\/\/mgatecnologia.com.br\/loja\/?post_type=product&#038;p=14864"},"modified":"2025-07-22T14:36:39","modified_gmt":"2025-07-22T14:36:39","slug":"vuvs-lk25-m52-ad-g14-1b2-s","status":"publish","type":"product","link":"https:\/\/loja.mgatecnologia.com.br\/?product=vuvs-lk25-m52-ad-g14-1b2-s","title":{"rendered":"VUVS-LK25-M52-AD-G14-1B2-S"},"content":{"rendered":"<h4>V\u00e1lvula 5\/2 vias, tamanho 25, simples solenoide G1\/4&#8243;, retorno mola pneum\u00e1tica servopiloto interno, com bobina 24 VDC e sem caixa de liga\u00e7\u00e3o<\/h4>\n<h4>FESTO<\/h4>\n","protected":false},"excerpt":{"rendered":"<h4>V\u00e1lvula 5\/2 vias, tamanho 25, simples solenoide G1\/4&#8243;, retorno mola pneum\u00e1tica servopiloto interno, com bobina 24 VDC e sem caixa de liga\u00e7\u00e3o<\/h4>\n<h4><strong>FESTO<\/strong><\/h4>\n<p>&nbsp;<\/p>\n","protected":false},"featured_media":15277,"comment_status":"open","ping_status":"closed","template":"","meta":[],"product_cat":[742,645,646,647],"product_tag":[],"class_list":{"0":"post-14864","1":"product","2":"type-product","3":"status-publish","4":"has-post-thumbnail","6":"product_cat-linha-festo","7":"product_cat-valvulas","8":"product_cat-valvulas-com-acionamento-eletrico-e-pneumatico","9":"product_cat-valvulas-serie-vuvs","11":"first","12":"onbackorder","13":"shipping-taxable","14":"purchasable","15":"product-type-simple"},"_links":{"self":[{"href":"https:\/\/loja.mgatecnologia.com.br\/index.php?rest_route=\/wp\/v2\/product\/14864","targetHints":{"allow":["GET"]}}],"collection":[{"href":"https:\/\/loja.mgatecnologia.com.br\/index.php?rest_route=\/wp\/v2\/product"}],"about":[{"href":"https:\/\/loja.mgatecnologia.com.br\/index.php?rest_route=\/wp\/v2\/types\/product"}],"replies":[{"embeddable":true,"href":"https:\/\/loja.mgatecnologia.com.br\/index.php?rest_route=%2Fwp%2Fv2%2Fcomments&post=14864"}],"wp:featuredmedia":[{"embeddable":true,"href":"https:\/\/loja.mgatecnologia.com.br\/index.php?rest_route=\/wp\/v2\/media\/15277"}],"wp:attachment":[{"href":"https:\/\/loja.mgatecnologia.com.br\/index.php?rest_route=%2Fwp%2Fv2%2Fmedia&parent=14864"}],"wp:term":[{"taxonomy":"product_cat","embeddable":true,"href":"https:\/\/loja.mgatecnologia.com.br\/index.php?rest_route=%2Fwp%2Fv2%2Fproduct_cat&post=14864"},{"taxonomy":"product_tag","embeddable":true,"href":"https:\/\/loja.mgatecnologia.com.br\/index.php?rest_route=%2Fwp%2Fv2%2Fproduct_tag&post=14864"}],"curies":[{"name":"wp","href":"https:\/\/api.w.org\/{rel}","templated":true}]}}